 j.
2, 3
Let h(c) = 29 + 6 + 3 + c. What are the prime factors of h(0)?
2, 19
Suppose 5*u = 18 + 7. Let p(y) = -5*y**3 - 5*y**2 - 3*y + 1. Let d(q) = 4*q**3 + 5*q**2 + 2*q. Let o(s) = -6*d(s) - 5*p(s). List the prime factors of o(u).
2, 5
Suppose 0 = -5*r - 3*x - 46 + 151, -x = r - 23. What are the prime factors of r?
2, 3
Let a(z) = z - 1. Let l(p) = 8 + 5*p**3 - 4*p + 2*p**3 - 2*p**2 - 1 - 6*p**3. Let j(r) = 3*a(r) + l(r). List the prime factors of j(3).
2, 5
Let y = 7 + 34. List the prime factors of y.
41
Let d be 152/11 - (-2)/11. List the prime factors of (8/(-10))/(d/(-105)).
2, 3
Suppose 5*f = 2*f + 9. Suppose 2*h + 34 = -f*p + 3*h, 2*p = -4*h - 18. Let y = p - -20. What are the prime factors of y?
3
Let h(r) = -r**3 - 7*r**2 - 7*r - 3. Let g be h(-6). Let d(c) = 2*c**3 - 2*c**2 - 3. List the prime factors of d(g).
3, 11
What are the prime factors of 14 - -2*(-5)/(-10)?
3, 5
Let i(b) = b**3 - 6*b**2 + 5*b + 2. Let k be i(5). Suppose -k*f + 30 = -3*n, -8 = 7*n - 3*n. List the prime factors of f.
2, 3
Suppose 3*f - 3*c = 10 + 2, -40 = -4*f - 2*c. Let v = f - 6. Suppose -v*d - 4 = 0, -p + 2*d + 1 + 6 = 0. List the prime factors of p.
3
Suppose 5*z = -5*u - 20, 2*z + 3 = 3*u + 10. Let h(d) = -d**3 + 20. Let l be h(0). Let a = z + l. What are the prime factors of a?
19
Let y be 102 - -3*1/(-3). Let b be y/(-9) - (-4)/18. Let t = -5 - b. List the prime factors of t.
2, 3
Suppose 4*r - 40 - 4 = 0. List the prime factors of r.
11
List the prime factors of 24*4/3 - -1.
3, 11
Suppose 3*u - 31 = 4*r, -5*u + 3*r - 2*r = -29. Let s = u + -1. Suppose 31 = 3*t - l, -s*t - 1 = 3*l - 51. What are the prime factors of t?
11
Let c(a) = a**2 - 10*a - 10. List the prime factors of c(13).
29
Suppose 0 = 4*s + k - 75, 0 = -5*s + 2*k + 3*k + 100. List the prime factors of (-2 + 3)/(1/s).
19
Let p(q) = 68*q - 60. What are the prime factors of p(4)?
2, 53
Let o(v) = -v**2 - v - 3. Let p(g) = 3*g**2 + 3*g + 5. Let r = -9 + 4. Let t(h) = r*o(h) - 2*p(h). What are the prime factors of t(0)?
5
Let u = -173 + 257. What are the prime factors of u/9*9/6?
2, 7
Let m = -8 + 4. Let n = m - -6. Suppose -c + n = -4. What are the prime factors of c?
2, 3
Let f(g) = g + 16. Let n be f(-16). Suppose n = -q + 5*q - 120. List the prime factors of q.
2, 3, 5
Suppose -f - 24 + 6 = -2*r, -4*r - f = -24. Let k(s) be the first derivative of s**2 - 40. List the prime factors of k(r).
2, 7
Let x = -2 + 3. Let a be (x + 9)/((-6)/(-3)). Suppose -4*f - 5*z + 44 = 0, -a*z = -2*f - 2*f + 44. What are the prime factors of f?
11
Let n = 12 - 0. Suppose 0 = 2*s - 5*a - 14, 0*s + s - 5*a = n. List the prime factors of s.
2
Let y = 8 + -6. Let b be (12/(-10))/(y/(-5)). Suppose 5*i - 13 = -f + 4, b*f = -i + 9. What are the prime factors of f?
2
Let o = -6 + 8. Let p(t) = o*t - 2 + 2*t + 4. What are the prime factors of p(2)?
2, 5
Suppose -f + 51 = 2*f. List the prime factors of f.
17
Let h be (11*3)/(-4 + 5). Let r = h - 20. What are the prime factors of r?
13
Let t(x) = -18*x + 2. Let o be t(2). Let z = o - -51. What are the prime factors of z?
17
Let g(i) = 2*i**2 + 4*i + 2. Suppose -u = 3*u + 12. List the prime factors of g(u).
2
What are the prime factors of (3 - 2)/(4/164)?
41
Let a(y) = -y**3 + 8*y**2 + 6*y - 11. What are the prime factors of a(8)?
37
Let w(n) = n**2 + 2*n + 14. What are the prime factors of w(-7)?
7
Let j be 72 + 1/(-1 - -2). Suppose -2*t = -d + 17, -j = -2*d - 3*d + 4*t. What are the prime factors of d?
13
Suppose 3*v - 150 = -2*v. Suppose -2*n - 3*x - 5 = 0, -3*n + 0*n + 3*x + v = 0. Suppose 3*j - n*j = -16. List the prime factors of j.
2
Let w(h) = h**2 + 9*h - 4. Let r = 12 + -21. Let p be w(r). List the prime factors of -6*3*2/p.
3
List the prime factors of 1 + (0 - -3 - 2).
2
Let h(x) = -x**3 - 6*x**2 + x. Let t be h(-6). What are the prime factors of ((-4)/(-2))/((-3)/t)?
2
Suppose -5*o - 46 + 16 = 0. Let w = o - -24. List the prime factors of w.
2, 3
Let z = -29 - -41. List the prime factors of z.
2, 3
Let n = 0 - -9. Let j = -17 + n. Let r = 15 + j. List the prime factors of r.
7
Let q be (0 - -3) + 3 + -3. Let o = 0 + q. Suppose -o*i + 12 = b - 8, -4*i - 5 = -5*b. What are the prime factors of i?
5
List the prime factors of 8 + -5 + (4 - -314).
3, 107
Suppose -3*h + 135 = -54. Let s = h - 34. List the prime factors of s.
29
Let k(h) = 6*h**2 + 12*h - 4. Let s(i) = 5*i**2 + 11*i - 5. Let a(l) = 4*k(l) - 5*s(l). Let u be a(-8). Let f = u - -2. List the prime factors of f.
3
Let l = -1 + 3. Suppose l*h - 24 = -0*h. List the prime factors of h.
2, 3
Suppose -18 = -5*x + 2. Suppose -k = x*k - 15. List the prime factors of k.
3
Let z = 5 + 13. What are the prime factors of z?
2, 3
Suppose -2*b = 3*b + 35. Let a = -4 - b. What are the prime factors of a?
3
Let w(t) = t**2 + 8*t + 14. What are the prime factors of w(-18)?
2, 97
Suppose 3*m + 2*m - 45 = 0. Let z(a) = a**2 - 7*a - 12. List the prime factors of z(m).
2, 3
Suppose -2*s - 4*f + 118 = 0, 0 = -s + 5*s + 3*f - 261. What are the prime factors of s?
3, 23
Let r(w) = 3 + w**2 + 6*w + 1 - 4*w. What are the prime factors of r(-4)?
2, 3
Suppose -24 = 4*k - 192. Suppose 5*g - k = 3*j, 4*j + 0 = g - 22. List the prime factors of g.
2, 3
Suppose -2*n = -3*n + 97. List the prime factors of n.
97
Suppose -6 = -7*j + 4*j. Suppose 2*s = -j*k + 10, -3*k = -6*k + 5*s - 9. Suppose -k*r - 60 = -6*r. What are the prime factors of r?
3, 5
Let g(b) = -5*b - 1. Let f be g(-2). Let r = 13 - f. Suppose r*c + 0*c - 24 = 0. List the prime factors of c.
2, 3
Let w(s) = 3*s**2 + 3*s + 3. List the prime factors of w(-3).
3, 7
Let l(b) = -b**3 + b**2 + 3*b - 2. Let w be l(2). What are the prime factors of 22 + (-1 - (w - -1))?
2, 5
Suppose -3*s = 11 + 4, -160 = -3*m + 2*s. List the prime factors of m.
2, 5
Let j = -14 - -26. What are the prime factors of j?
2, 3
Let o(r) = r**3 - r**2 - 5*r - 3. List the prime factors of o(4).
5
Suppose 4*j - t = 98, -j + 0*t + 20 = 2*t. Suppose -3*o + 0*o = -j. What are the prime factors of o?
2
Let z be (0 + 2)*(-9)/6. Let a = z + 18. List the prime factors of a.
3, 5
Let b be (-2 - (-1 + 10)) + -1. List the prime factors of (b/(-3))/2 - -6.
2
List the prime factors of ((-6)/18)/(5/(-3705)).
13, 19
Suppose 3*d - 5 = 10. What are the prime factors of d?
5
What are the prime factors of 4 + (77 - -4) + 0/(-6)?
5, 17
Let i(t) = 4*t**2 + t + 1. Let u be i(-1). Let x be (u - 1)*(-3)/(-3). List the prime factors of x/6*26 + -2.
11
Suppose 0 = 3*h - 6 - 3. Let l = 63 + 8. Suppose l = h*t + 23. List the prime factors of t.
2
Let u = 4 + 23. Suppose r + u = 2*r. What are the prime factors of r?
3
Let c(b) = b - 3. Let z be c(5). Suppose 0*a - z*a = t - 23, 3*a - 2*t - 45 = 0. List the prime factors of a.
13
Let u = 7 + -4. Suppose -3*n = 0, -v + 24 = 2*v + u*n. List the prime factors of v.
2
Let d be 32/6*-2*3. Let v = d + 47. List the prime factors of v.
3, 5
Let u = -3 - -3. Suppose -4*v = 2*s + 4, u*v = v + 3. List the prime factors of s.
2
Let d = 5 + -3. Let w(x) = -x**3. Let t(g) = 5*g**3 + 5*g**2 - 3*g + 3. Let i(s) = t(s) + 6*w(s). List the prime factors of i(d).
3
Let a(i) = i**2 + i + 2. Suppose 5*j - 2 = -12. Let h be a(j). Suppose h*d - 55 = -15. What are the prime factors of d?
2, 5
Let f(k) = k**2 + 2*k. Let z be f(-3). Suppose 0 = -5*u + z*x - 2*x + 9, 6 = 2*u + 2*x. List the prime factors of -1 + 2/u + 3.
3
Let d(s) = 4*s + 15. Let h be (7 - 2) + -3 + 2. Let z(n) = 5*n + 16. Let p(i) = h*d(i) - 3*z(i). What are the prime factors of p(0)?
2, 3
Let k = 93 - -10. What are the prime factors of k?
103
Let q = 2 + 1. Suppose -5*n + q = -17. List the prime factors of n/((-8)/(-34))*1.
17
Let d(z) = -z + 3. Let x(h) = 3*h - 7. Let c be x(5). Let f be d(c). Let a = f + 7. List the prime factors of a.
2
Suppose 120 = 4*t + 4*u, 0*t + 84 = 3*t + u. List the prime factors of t.
3
Suppose -3*i + 15 = 2*i. Suppose -p + 52 = i*p. What are the prime factors of p?
13
Let n be 2 - (1 - 3)/(-2). Let v be n - (-1 - 2)*3. What are the prime factors of v*(3 - 4/2)?
2, 5
Suppose -18*p = -19*p + 92. What are the prime factors of p?
2, 23
Suppose 2*w + 153 = 5*w. List the prime factors of w.
3, 17
Let m be -3*(26/(-6) - -3). Suppose 18 = h + m. List the prime factors of h.
2, 7
List the prime factors of (-6 + 5)*(-2 + 